{"id":570,"date":"2026-04-14T08:51:27","date_gmt":"2026-04-14T08:51:27","guid":{"rendered":"https:\/\/www.xeocamping.com\/?page_id=570"},"modified":"2026-04-14T08:51:27","modified_gmt":"2026-04-14T08:51:27","slug":"alojamientos","status":"publish","type":"page","link":"https:\/\/www.xeocamping.com\/index.php\/es\/alojamientos\/","title":{"rendered":"Alojamientos"},"content":{"rendered":"\n<div class=\"wp-block-cover alignfull\" style=\"padding-top:var(--wp--preset--spacing--60);padding-bottom:var(--wp--preset--spacing--60);min-height:250px;aspect-ratio:unset;\"><img loading=\"lazy\" decoding=\"async\" width=\"2560\" height=\"1707\" class=\"wp-block-cover__image-background wp-image-45 size-full\" alt=\"\" src=\"https:\/\/www.xeocamping.com\/wp-content\/uploads\/2025\/05\/meandrodacubela-scaled.jpg\" style=\"object-position:8% 20%\" data-object-fit=\"cover\" data-object-position=\"8% 20%\" srcset=\"https:\/\/www.xeocamping.com\/wp-content\/uploads\/2025\/05\/meandrodacubela-scaled.jpg 2560w, https:\/\/www.xeocamping.com\/wp-content\/uploads\/2025\/05\/meandrodacubela-300x200.jpg 300w, https:\/\/www.xeocamping.com\/wp-content\/uploads\/2025\/05\/meandrodacubela-1024x683.jpg 1024w, https:\/\/www.xeocamping.com\/wp-content\/uploads\/2025\/05\/meandrodacubela-768x512.jpg 768w, https:\/\/www.xeocamping.com\/wp-content\/uploads\/2025\/05\/meandrodacubela-1536x1024.jpg 1536w, https:\/\/www.xeocamping.com\/wp-content\/uploads\/2025\/05\/meandrodacubela-2048x1365.jpg 2048w, https:\/\/www.xeocamping.com\/wp-content\/uploads\/2025\/05\/meandrodacubela-930x620.jpg 930w\" sizes=\"auto, (max-width: 2560px) 100vw, 2560px\" \/><span aria-hidden=\"true\" class=\"wp-block-cover__background has-neve-link-hover-color-background-color has-background-dim\"><\/span><div class=\"wp-block-cover__inner-container is-layout-flow wp-block-cover-is-layout-flow\">\n<div class=\"wp-block-group\" style=\"padding-right:var(--wp--preset--spacing--30);padding-left:var(--wp--preset--spacing--30)\"><div class=\"wp-block-group__inner-container is-layout-flow wp-block-group-is-layout-flow\">\n<h1 class=\"wp-block-heading has-text-align-left has-nv-site-bg-color has-text-color\" style=\"padding-top:var(--wp--preset--spacing--70);padding-bottom:var(--wp--preset--spacing--70)\">Alojamientos<\/h1>\n<\/div><\/div>\n<\/div><\/div>\n\n\n\n<div class=\"wp-block-cover alignfull\" style=\"min-height:600px;aspect-ratio:unset;\"><span aria-hidden=\"true\" class=\"wp-block-cover__background has-nv-light-bg-background-color has-background-dim-100 has-background-dim\"><\/span><div class=\"wp-block-cover__inner-container is-layout-flow wp-block-cover-is-layout-flow\">\n<div class=\"wp-block-group\"><div class=\"wp-block-group__inner-container is-layout-flow wp-block-group-is-layout-flow\">\n<div style=\"height:40px\" aria-hidden=\"true\" class=\"wp-block-spacer\"><\/div>\n\n\n\n<h2 class=\"wp-block-heading has-neve-link-hover-color-color has-text-color has-link-color wp-elements-aaa7e1645ee401e626f731b3874e9e20\" style=\"padding-right:var(--wp--preset--spacing--20);padding-bottom:0;padding-left:var(--wp--preset--spacing--20);font-size:28px\">Bungalows<\/h2>\n\n\n\n<p class=\"has-neve-text-color-color has-text-color has-link-color wp-elements-7b55343510f7eeff2ae3e145d03bc5e8\" style=\"padding-right:var(--wp--preset--spacing--20);padding-left:var(--wp--preset--spacing--20);font-size:17px\">Nuestros bungalows, constru\u00eddos a partir de <strong><mark style=\"background-color:rgba(0, 0, 0, 0)\" class=\"has-inline-color has-neve-link-hover-color-color\">contenedores mar\u00edtimos reciclados<\/mark><\/strong>, son una alternativa moderna, ecol\u00f3gica y acogedora. Unen dise\u00f1o funcional con la calidez de un hogar, en un espacio pensado para vivir en armon\u00eda con la naturaleza sin renunciar al confort.<\/p>\n\n\n\n<p class=\"has-neve-text-color-color has-text-color has-link-color wp-elements-1bf5e8c65f9375ae6588857c95bfedd3\" style=\"padding-right:var(--wp--preset--spacing--20);padding-left:var(--wp--preset--spacing--20);font-size:17px\">Cada bungalow lleva <strong><mark style=\"background-color:rgba(0, 0, 0, 0)\" class=\"has-inline-color has-neve-link-hover-color-color\">el nombre de un lugar emblem\u00e1tico del Geoparque Monta\u00f1as do Courel<\/mark><\/strong> y est\u00e1 concebido para que te sientas en conexi\u00f3n con el entorno desde el primer instante.<\/p>\n\n\n\n<div class=\"wp-block-columns is-layout-flex wp-container-core-columns-is-layout-9d6595d7 wp-block-columns-is-layout-flex\">\n<div class=\"wp-block-column is-vertically-aligned-center is-layout-flow wp-block-column-is-layout-flow\" style=\"border-radius:16px\">\n<div class=\"wp-block-columns is-layout-flex wp-container-core-columns-is-layout-9d6595d7 wp-block-columns-is-layout-flex\">\n<div class=\"wp-block-column is-vertically-aligned-center is-layout-flow wp-block-column-is-layout-flow\">\n<p class=\"has-neve-text-color-color has-text-color has-link-color wp-elements-8449fd1e721b2a86a1bcebef042e2058\" style=\"padding-right:var(--wp--preset--spacing--20);padding-left:var(--wp--preset--spacing--20);font-size:17px\">Contamos con <strong><mark style=\"background-color:rgba(0, 0, 0, 0)\" class=\"has-inline-color has-neve-link-hover-color-color\">7 bungalows climatizados<\/mark><\/strong> de 29 m\u00b2 y capacidad para 4 personas, equipados con:<\/p>\n\n\n\n<ul class=\"wp-block-list\">\n<li class=\"has-neve-text-color-color has-text-color has-link-color wp-elements-c73e00f0a30e821fbd4761a810f1b0cc\" style=\"padding-right:0;padding-left:0;font-size:17px\">Dos habitaciones, con un total de cuatro plazas.<\/li>\n\n\n\n<li class=\"has-neve-text-color-color has-text-color has-link-color wp-elements-408171c3773962b3495e534e764219c8\" style=\"padding-right:0;padding-left:0;font-size:17px\">Sal\u00f3n-comedor con cocina, equipada con placa de inducci\u00f3n, nevera, microondas y menaje b\u00e1sico.<\/li>\n\n\n\n<li class=\"has-neve-text-color-color has-text-color has-link-color wp-elements-712f9b00b9dab62c9b3dcd4dead29863\" style=\"padding-right:0;padding-left:0;font-size:17px\">Cuarto de ba\u00f1o privado.<\/li>\n\n\n\n<li class=\"has-neve-text-color-color has-text-color has-link-color wp-elements-5d6f6004f84bc0619a83ea56c1dd8251\" style=\"padding-right:0;padding-left:0;font-size:17px\">Ropa de cama y toallas.<\/li>\n\n\n\n<li class=\"has-neve-text-color-color has-text-color has-link-color wp-elements-7756ec9a24dda259497ee3c811708227\" style=\"padding-right:0;padding-left:0;font-size:17px\">Plaza de aparcamiento.<\/li>\n<\/ul>\n<\/div>\n\n\n\n<div class=\"wp-block-column is-layout-flow wp-block-column-is-layout-flow\">\n<figure class=\"wp-block-image size-full has-custom-border\"><img loading=\"lazy\" decoding=\"async\" width=\"2560\" height=\"1441\" src=\"https:\/\/www.xeocamping.com\/wp-content\/uploads\/2025\/05\/ZK_06649-scaled.jpg\" alt=\"\" class=\"wp-image-142\" style=\"border-style:none;border-width:0px;border-radius:16px;aspect-ratio:16\/9;object-fit:cover\" srcset=\"https:\/\/www.xeocamping.com\/wp-content\/uploads\/2025\/05\/ZK_06649-scaled.jpg 2560w, https:\/\/www.xeocamping.com\/wp-content\/uploads\/2025\/05\/ZK_06649-300x169.jpg 300w, https:\/\/www.xeocamping.com\/wp-content\/uploads\/2025\/05\/ZK_06649-1024x577.jpg 1024w, https:\/\/www.xeocamping.com\/wp-content\/uploads\/2025\/05\/ZK_06649-768x432.jpg 768w, https:\/\/www.xeocamping.com\/wp-content\/uploads\/2025\/05\/ZK_06649-1536x865.jpg 1536w, https:\/\/www.xeocamping.com\/wp-content\/uploads\/2025\/05\/ZK_06649-2048x1153.jpg 2048w\" sizes=\"auto, (max-width: 2560px) 100vw, 2560px\" \/><\/figure>\n<\/div>\n<\/div>\n\n\n\n<div class=\"wp-block-columns is-layout-flex wp-container-core-columns-is-layout-9d6595d7 wp-block-columns-is-layout-flex\">\n<div class=\"wp-block-column is-layout-flow wp-block-column-is-layout-flow\">\n<figure class=\"wp-block-image size-full has-custom-border\"><img loading=\"lazy\" decoding=\"async\" width=\"2560\" height=\"1441\" src=\"https:\/\/www.xeocamping.com\/wp-content\/uploads\/2025\/07\/ZK_07717-scaled.jpg\" alt=\"\" class=\"wp-image-289\" style=\"border-radius:16px;aspect-ratio:1;object-fit:cover\" srcset=\"https:\/\/www.xeocamping.com\/wp-content\/uploads\/2025\/07\/ZK_07717-scaled.jpg 2560w, https:\/\/www.xeocamping.com\/wp-content\/uploads\/2025\/07\/ZK_07717-300x169.jpg 300w, https:\/\/www.xeocamping.com\/wp-content\/uploads\/2025\/07\/ZK_07717-1024x576.jpg 1024w, https:\/\/www.xeocamping.com\/wp-content\/uploads\/2025\/07\/ZK_07717-768x432.jpg 768w, https:\/\/www.xeocamping.com\/wp-content\/uploads\/2025\/07\/ZK_07717-1536x865.jpg 1536w, https:\/\/www.xeocamping.com\/wp-content\/uploads\/2025\/07\/ZK_07717-2048x1153.jpg 2048w\" sizes=\"auto, (max-width: 2560px) 100vw, 2560px\" \/><\/figure>\n<\/div>\n\n\n\n<div class=\"wp-block-column is-layout-flow wp-block-column-is-layout-flow\">\n<figure class=\"wp-block-image size-full has-custom-border\"><img loading=\"lazy\" decoding=\"async\" width=\"2560\" height=\"1441\" src=\"https:\/\/www.xeocamping.com\/wp-content\/uploads\/2025\/07\/ZK_07722-scaled.jpg\" alt=\"\" class=\"wp-image-290\" style=\"border-radius:16px;aspect-ratio:1;object-fit:cover\" srcset=\"https:\/\/www.xeocamping.com\/wp-content\/uploads\/2025\/07\/ZK_07722-scaled.jpg 2560w, https:\/\/www.xeocamping.com\/wp-content\/uploads\/2025\/07\/ZK_07722-300x169.jpg 300w, https:\/\/www.xeocamping.com\/wp-content\/uploads\/2025\/07\/ZK_07722-1024x576.jpg 1024w, https:\/\/www.xeocamping.com\/wp-content\/uploads\/2025\/07\/ZK_07722-768x432.jpg 768w, https:\/\/www.xeocamping.com\/wp-content\/uploads\/2025\/07\/ZK_07722-1536x865.jpg 1536w, https:\/\/www.xeocamping.com\/wp-content\/uploads\/2025\/07\/ZK_07722-2048x1153.jpg 2048w\" sizes=\"auto, (max-width: 2560px) 100vw, 2560px\" \/><\/figure>\n<\/div>\n\n\n\n<div class=\"wp-block-column is-layout-flow wp-block-column-is-layout-flow\">\n<figure class=\"wp-block-image size-full has-custom-border\"><img loading=\"lazy\" decoding=\"async\" width=\"2560\" height=\"1441\" src=\"https:\/\/www.xeocamping.com\/wp-content\/uploads\/2025\/07\/ZK_07715-scaled.jpg\" alt=\"\" class=\"wp-image-291\" style=\"border-radius:16px;aspect-ratio:1;object-fit:cover\" srcset=\"https:\/\/www.xeocamping.com\/wp-content\/uploads\/2025\/07\/ZK_07715-scaled.jpg 2560w, https:\/\/www.xeocamping.com\/wp-content\/uploads\/2025\/07\/ZK_07715-300x169.jpg 300w, https:\/\/www.xeocamping.com\/wp-content\/uploads\/2025\/07\/ZK_07715-1024x576.jpg 1024w, https:\/\/www.xeocamping.com\/wp-content\/uploads\/2025\/07\/ZK_07715-768x432.jpg 768w, https:\/\/www.xeocamping.com\/wp-content\/uploads\/2025\/07\/ZK_07715-1536x865.jpg 1536w, https:\/\/www.xeocamping.com\/wp-content\/uploads\/2025\/07\/ZK_07715-2048x1153.jpg 2048w\" sizes=\"auto, (max-width: 2560px) 100vw, 2560px\" \/><\/figure>\n<\/div>\n<\/div>\n\n\n\n<div class=\"wp-block-columns is-layout-flex wp-container-core-columns-is-layout-9d6595d7 wp-block-columns-is-layout-flex\">\n<div class=\"wp-block-column is-layout-flow wp-block-column-is-layout-flow\">\n<figure class=\"wp-block-image size-full has-custom-border\"><img loading=\"lazy\" decoding=\"async\" width=\"2560\" height=\"1441\" src=\"https:\/\/www.xeocamping.com\/wp-content\/uploads\/2025\/05\/ZK_06626-scaled.jpg\" alt=\"\" class=\"wp-image-144\" style=\"border-radius:16px;aspect-ratio:1;object-fit:cover\" srcset=\"https:\/\/www.xeocamping.com\/wp-content\/uploads\/2025\/05\/ZK_06626-scaled.jpg 2560w, https:\/\/www.xeocamping.com\/wp-content\/uploads\/2025\/05\/ZK_06626-300x169.jpg 300w, https:\/\/www.xeocamping.com\/wp-content\/uploads\/2025\/05\/ZK_06626-1024x577.jpg 1024w, https:\/\/www.xeocamping.com\/wp-content\/uploads\/2025\/05\/ZK_06626-768x432.jpg 768w, https:\/\/www.xeocamping.com\/wp-content\/uploads\/2025\/05\/ZK_06626-1536x865.jpg 1536w, https:\/\/www.xeocamping.com\/wp-content\/uploads\/2025\/05\/ZK_06626-2048x1153.jpg 2048w\" sizes=\"auto, (max-width: 2560px) 100vw, 2560px\" \/><\/figure>\n<\/div>\n\n\n\n<div class=\"wp-block-column is-layout-flow wp-block-column-is-layout-flow\">\n<figure class=\"wp-block-image size-full has-custom-border\"><img loading=\"lazy\" decoding=\"async\" width=\"2560\" height=\"1441\" src=\"https:\/\/www.xeocamping.com\/wp-content\/uploads\/2025\/05\/ZK_06640-scaled.jpg\" alt=\"\" class=\"wp-image-138\" style=\"border-radius:16px;aspect-ratio:1;object-fit:cover\" srcset=\"https:\/\/www.xeocamping.com\/wp-content\/uploads\/2025\/05\/ZK_06640-scaled.jpg 2560w, https:\/\/www.xeocamping.com\/wp-content\/uploads\/2025\/05\/ZK_06640-300x169.jpg 300w, https:\/\/www.xeocamping.com\/wp-content\/uploads\/2025\/05\/ZK_06640-1024x577.jpg 1024w, https:\/\/www.xeocamping.com\/wp-content\/uploads\/2025\/05\/ZK_06640-768x432.jpg 768w, https:\/\/www.xeocamping.com\/wp-content\/uploads\/2025\/05\/ZK_06640-1536x865.jpg 1536w, https:\/\/www.xeocamping.com\/wp-content\/uploads\/2025\/05\/ZK_06640-2048x1153.jpg 2048w\" sizes=\"auto, (max-width: 2560px) 100vw, 2560px\" \/><\/figure>\n<\/div>\n\n\n\n<div class=\"wp-block-column is-layout-flow wp-block-column-is-layout-flow\">\n<figure class=\"wp-block-image size-full has-custom-border\"><img loading=\"lazy\" decoding=\"async\" width=\"2560\" height=\"1441\" src=\"https:\/\/www.xeocamping.com\/wp-content\/uploads\/2025\/05\/ZK_06652-scaled.jpg\" alt=\"\" class=\"wp-image-145\" style=\"border-radius:16px;aspect-ratio:1;object-fit:cover\" srcset=\"https:\/\/www.xeocamping.com\/wp-content\/uploads\/2025\/05\/ZK_06652-scaled.jpg 2560w, https:\/\/www.xeocamping.com\/wp-content\/uploads\/2025\/05\/ZK_06652-300x169.jpg 300w, https:\/\/www.xeocamping.com\/wp-content\/uploads\/2025\/05\/ZK_06652-1024x577.jpg 1024w, https:\/\/www.xeocamping.com\/wp-content\/uploads\/2025\/05\/ZK_06652-768x432.jpg 768w, https:\/\/www.xeocamping.com\/wp-content\/uploads\/2025\/05\/ZK_06652-1536x865.jpg 1536w, https:\/\/www.xeocamping.com\/wp-content\/uploads\/2025\/05\/ZK_06652-2048x1153.jpg 2048w\" sizes=\"auto, (max-width: 2560px) 100vw, 2560px\" \/><\/figure>\n<\/div>\n<\/div>\n<\/div>\n<\/div>\n<\/div><\/div>\n\n\n\n<div class=\"wp-block-buttons is-content-justification-center is-layout-flex wp-container-core-buttons-is-layout-16018d1d wp-block-buttons-is-layout-flex\">\n<div class=\"wp-block-button\"><a class=\"wp-block-button__link has-neve-link-color-background-color has-background has-custom-font-size wp-element-button\" href=\"https:\/\/www.xeocamping.com\/index.php\/es\/reservas-es-translation\/\" style=\"font-size:17px;text-transform:none\">Reserva ahora<\/a><\/div>\n<\/div>\n\n\n\n<div style=\"height:40px\" aria-hidden=\"true\" class=\"wp-block-spacer\"><\/div>\n<\/div><\/div>\n\n\n\n<div class=\"wp-block-cover alignfull\" style=\"min-height:700px;aspect-ratio:unset;\"><span aria-hidden=\"true\" class=\"wp-block-cover__background has-neve-link-hover-color-background-color has-background-dim-100 has-background-dim\"><\/span><div class=\"wp-block-cover__inner-container is-layout-flow wp-block-cover-is-layout-flow\">\n<div style=\"height:40px\" aria-hidden=\"true\" class=\"wp-block-spacer\"><\/div>\n\n\n\n<div class=\"wp-block-group\"><div class=\"wp-block-group__inner-container is-layout-flow wp-block-group-is-layout-flow\">\n<h2 class=\"wp-block-heading\" style=\"padding-right:var(--wp--preset--spacing--20);padding-left:var(--wp--preset--spacing--20);font-size:28px\">Acampada<\/h2>\n\n\n\n<p class=\"has-nv-site-bg-color has-text-color has-link-color wp-elements-88bf6deb2414c6fc89513eecbd7091c6\" style=\"padding-right:var(--wp--preset--spacing--20);padding-left:var(--wp--preset--spacing--20);font-size:17px\">Si eres de las personas que disfrutan del campismo m\u00e1s tradicional, tenemos el lugar perfecto para ti. Nuestras parcelas est\u00e1n pensadas para que puedas instalar tu tienda o aparcar tu caravana o furgoneta con total tranquilidad, rodeado de naturaleza y con el canto de los p\u00e1jaros como despertador.<\/p>\n\n\n\n<p class=\"has-nv-site-bg-color has-text-color has-link-color wp-elements-cf60032af14e828ad179ec8ae041af9d\" style=\"padding-right:var(--wp--preset--spacing--20);padding-left:var(--wp--preset--spacing--20);font-size:17px\">Contamos con\u00a0<strong>8 parcelas amplias<\/strong>, con capacidad de entre 3 e 6 plazas. Todas permiten la entrada de veh\u00edculos en su interior, para mayor comodidad en el momento de instalarse y durante tu estancia. Adem\u00e1s, disponemos de una <strong>zona de acampada libre<\/strong>, pensada para aquellas personas que viajan sin veh\u00edculo. En este espacio non es necesario hacer reserva previa: llega, monta tu tienda y disfruta.<\/p>\n\n\n\n<p class=\"has-nv-site-bg-color has-text-color has-link-color wp-elements-b1f0b5f961992bfef97e293a80f45dfc\" style=\"padding-right:var(--wp--preset--spacing--20);padding-left:var(--wp--preset--spacing--20);font-size:17px\">Tu estancia incluye el acceso a:<\/p>\n\n\n\n<ul class=\"wp-block-list\">\n<li style=\"font-size:17px\"><strong>Edificio de servicios comunes<\/strong>, con ba\u00f1os y duchas individuales.<\/li>\n\n\n\n<li style=\"font-size:17px\"><strong>Zona de lavander\u00eda<\/strong>.<\/li>\n\n\n\n<li style=\"font-size:17px\"><strong>Tomas de corriente<\/strong> para cargar dispositivos electr\u00f3nicos.<\/li>\n\n\n\n<li style=\"font-size:17px\"><strong>Zona com\u00fan<\/strong>, con microondas y nevera compartida a tu disposici\u00f3n.<\/li>\n<\/ul>\n\n\n\n<p class=\"has-nv-site-bg-color has-text-color has-link-color wp-elements-88f22f7b770f785288a2241020036aaa\" style=\"padding-right:var(--wp--preset--spacing--20);padding-left:var(--wp--preset--spacing--20);font-size:17px\">Las <strong>plazas equipadas<\/strong>, pensadas para estancias en autocaravana, tambi\u00e9n dispo\u00f1en de acceso directo a luz y agua, as\u00ed como a un punto de vaciado de aguas.<\/p>\n\n\n\n<p class=\"has-nv-site-bg-color has-text-color has-link-color wp-elements-4586c42a26ab9254585c0395a1411e1c\" style=\"padding-right:var(--wp--preset--spacing--20);padding-left:var(--wp--preset--spacing--20);font-size:17px\">Aqu\u00ed, la libertad de la acampada se combina con las comodidades que hacen la experiencia m\u00e1s agradable. \u00a1Ven a dormir bajo las estrellas, sin renunciar al bienestar!<\/p>\n<\/div><\/div>\n\n\n\n<div class=\"wp-block-columns is-layout-flex wp-container-core-columns-is-layout-9d6595d7 wp-block-columns-is-layout-flex\">\n<div class=\"wp-block-column is-layout-flow wp-block-column-is-layout-flow\">\n<figure class=\"wp-block-image size-large has-custom-border\"><img loading=\"lazy\" decoding=\"async\" width=\"1024\" height=\"576\" src=\"https:\/\/www.xeocamping.com\/wp-content\/uploads\/2025\/07\/Zona-Acampada-01-1024x576.png\" alt=\"\" class=\"wp-image-425\" style=\"border-radius:16px\" srcset=\"https:\/\/www.xeocamping.com\/wp-content\/uploads\/2025\/07\/Zona-Acampada-01-1024x576.png 1024w, https:\/\/www.xeocamping.com\/wp-content\/uploads\/2025\/07\/Zona-Acampada-01-300x169.png 300w, https:\/\/www.xeocamping.com\/wp-content\/uploads\/2025\/07\/Zona-Acampada-01-768x432.png 768w, https:\/\/www.xeocamping.com\/wp-content\/uploads\/2025\/07\/Zona-Acampada-01-1536x864.png 1536w, https:\/\/www.xeocamping.com\/wp-content\/uploads\/2025\/07\/Zona-Acampada-01.png 1920w\" sizes=\"auto, (max-width: 1024px) 100vw, 1024px\" \/><\/figure>\n<\/div>\n\n\n\n<div class=\"wp-block-column is-layout-flow wp-block-column-is-layout-flow\">\n<figure class=\"wp-block-image size-large has-custom-border\"><img loading=\"lazy\" decoding=\"async\" width=\"1024\" height=\"576\" src=\"https:\/\/www.xeocamping.com\/wp-content\/uploads\/2025\/07\/Zona-Acampada-02-1024x576.png\" alt=\"\" class=\"wp-image-426\" style=\"border-radius:16px\" srcset=\"https:\/\/www.xeocamping.com\/wp-content\/uploads\/2025\/07\/Zona-Acampada-02-1024x576.png 1024w, https:\/\/www.xeocamping.com\/wp-content\/uploads\/2025\/07\/Zona-Acampada-02-300x169.png 300w, https:\/\/www.xeocamping.com\/wp-content\/uploads\/2025\/07\/Zona-Acampada-02-768x432.png 768w, https:\/\/www.xeocamping.com\/wp-content\/uploads\/2025\/07\/Zona-Acampada-02-1536x864.png 1536w, https:\/\/www.xeocamping.com\/wp-content\/uploads\/2025\/07\/Zona-Acampada-02.png 1920w\" sizes=\"auto, (max-width: 1024px) 100vw, 1024px\" \/><\/figure>\n<\/div>\n<\/div>\n\n\n\n<div style=\"height:20px\" aria-hidden=\"true\" class=\"wp-block-spacer\"><\/div>\n<\/div><\/div>\n\n\n\n<div class=\"wp-block-cover alignfull has-neve-text-color-color has-text-color has-link-color wp-elements-32ea345eca20184cd6bc2204fb4604d0\" style=\"min-height:100px;aspect-ratio:unset;\"><span aria-hidden=\"true\" class=\"wp-block-cover__background has-nv-light-bg-background-color has-background-dim-100 has-background-dim\"><\/span><div class=\"wp-block-cover__inner-container is-layout-flow wp-block-cover-is-layout-flow\">\n<div class=\"wp-block-group\"><div class=\"wp-block-group__inner-container is-layout-flow wp-block-group-is-layout-flow\">\n<div class=\"wp-block-columns is-layout-flex wp-container-core-columns-is-layout-9d6595d7 wp-block-columns-is-layout-flex\">\n<div class=\"wp-block-column is-vertically-aligned-center is-layout-flow wp-block-column-is-layout-flow\">\n<div style=\"height:40px\" aria-hidden=\"true\" class=\"wp-block-spacer\"><\/div>\n\n\n\n<div class=\"wp-block-columns is-layout-flex wp-container-core-columns-is-layout-9d6595d7 wp-block-columns-is-layout-flex\">\n<div class=\"wp-block-column is-vertically-aligned-center is-layout-flow wp-block-column-is-layout-flow\" style=\"padding-right:var(--wp--preset--spacing--30);padding-left:var(--wp--preset--spacing--30);flex-basis:100%\">\n<div class=\"wp-block-columns is-layout-flex wp-container-core-columns-is-layout-9d6595d7 wp-block-columns-is-layout-flex\">\n<div class=\"wp-block-column is-layout-flow wp-block-column-is-layout-flow\"><div class=\"wp-block-image\">\n<figure class=\"aligncenter size-large has-custom-border\"><img loading=\"lazy\" decoding=\"async\" width=\"1024\" height=\"577\" src=\"https:\/\/www.xeocamping.com\/wp-content\/uploads\/2025\/05\/ZK_06691-1024x577.jpg\" alt=\"\" class=\"wp-image-146\" style=\"border-style:none;border-width:0px;border-radius:16px\" srcset=\"https:\/\/www.xeocamping.com\/wp-content\/uploads\/2025\/05\/ZK_06691-1024x577.jpg 1024w, https:\/\/www.xeocamping.com\/wp-content\/uploads\/2025\/05\/ZK_06691-300x169.jpg 300w, https:\/\/www.xeocamping.com\/wp-content\/uploads\/2025\/05\/ZK_06691-768x432.jpg 768w, https:\/\/www.xeocamping.com\/wp-content\/uploads\/2025\/05\/ZK_06691-1536x865.jpg 1536w, https:\/\/www.xeocamping.com\/wp-content\/uploads\/2025\/05\/ZK_06691-2048x1153.jpg 2048w\" sizes=\"auto, (max-width: 1024px) 100vw, 1024px\" \/><\/figure>\n<\/div><\/div>\n\n\n\n<div class=\"wp-block-column is-vertically-aligned-bottom is-layout-flow wp-block-column-is-layout-flow\" style=\"padding-right:0;padding-left:var(--wp--preset--spacing--40)\">\n<p class=\"has-neve-text-color-color has-text-color has-link-color wp-elements-11c81c3c11c063f3c75a7ddfd0547c8c\" style=\"font-size:17px\">Todas las modalidades de alojamiento incluyen el acceso a la piscina (en temporada), parque infantil, zona de barbacoas, sala com\u00fan y comedor cubierto.<\/p>\n\n\n\n<p style=\"font-size:17px\"><strong><mark style=\"background-color:rgba(0, 0, 0, 0)\" class=\"has-inline-color has-neve-link-hover-color-color\">Queremos que puedas disfrutar al m\u00e1ximo de la experiencia<\/mark><\/strong>, ya sea en familia, en grupo ou en una escapada tranquila.<\/p>\n\n\n\n<div class=\"wp-block-buttons is-layout-flex wp-block-buttons-is-layout-flex\">\n<div class=\"wp-block-button\"><a class=\"wp-block-button__link has-nv-c-1-background-color has-background has-custom-font-size wp-element-button\" href=\"https:\/\/www.xeocamping.com\/index.php\/instalacions\/\" style=\"font-size:17px;text-transform:none\">M\u00e1s informaci\u00f3n<\/a><\/div>\n\n\n\n<div class=\"wp-block-button\"><a class=\"wp-block-button__link has-nv-c-1-background-color has-background has-custom-font-size wp-element-button\" href=\"https:\/\/www.xeocamping.com\/index.php\/reservas\/\" style=\"font-size:17px;text-transform:none\">Reserva ahora<\/a><\/div>\n<\/div>\n<\/div>\n<\/div>\n<\/div>\n<\/div>\n<\/div>\n<\/div>\n<\/div><\/div>\n<\/div><\/div>\n\n\n\n<p><\/p>\n","protected":false},"excerpt":{"rendered":"","protected":false},"author":1,"featured_media":0,"parent":0,"menu_order":0,"comment_status":"closed","ping_status":"closed","template":"","meta":{"neve_meta_sidebar":"","neve_meta_container":"","neve_meta_enable_content_width":"on","neve_meta_content_width":100,"neve_meta_title_alignment":"","neve_meta_author_avatar":"","neve_post_elements_order":"","neve_meta_disable_header":"","neve_meta_disable_footer":"","neve_meta_disable_title":"on","footnotes":""},"class_list":["post-570","page","type-page","status-publish","hentry"],"_links":{"self":[{"href":"https:\/\/www.xeocamping.com\/index.php\/wp-json\/wp\/v2\/pages\/570","targetHints":{"allow":["GET"]}}],"collection":[{"href":"https:\/\/www.xeocamping.com\/index.php\/wp-json\/wp\/v2\/pages"}],"about":[{"href":"https:\/\/www.xeocamping.com\/index.php\/wp-json\/wp\/v2\/types\/page"}],"author":[{"embeddable":true,"href":"https:\/\/www.xeocamping.com\/index.php\/wp-json\/wp\/v2\/users\/1"}],"replies":[{"embeddable":true,"href":"https:\/\/www.xeocamping.com\/index.php\/wp-json\/wp\/v2\/comments?post=570"}],"version-history":[{"count":2,"href":"https:\/\/www.xeocamping.com\/index.php\/wp-json\/wp\/v2\/pages\/570\/revisions"}],"predecessor-version":[{"id":572,"href":"https:\/\/www.xeocamping.com\/index.php\/wp-json\/wp\/v2\/pages\/570\/revisions\/572"}],"wp:attachment":[{"href":"https:\/\/www.xeocamping.com\/index.php\/wp-json\/wp\/v2\/media?parent=570"}],"curies":[{"name":"wp","href":"https:\/\/api.w.org\/{rel}","templated":true}]}}